alse
Is 326655 a multiple of 9?
True
Is 88443 a multiple of 82?
False
Does 211 divide 40899?
False
Does 39 divide 35897160?
True
Is 300 a factor of 200783?
False
Is 497 a factor of 7297451?
True
Does 113 divide 177071?
True
Does 38 divide 847026?
False
Does 126 divide 6461154?
True
Is 115 a factor of 126289?
False
Is 59647 a multiple of 25?
False
Is 2507895 a multiple of 39?
True
Is 77 a factor of 12320?
True
Is 7863066 a multiple of 18?
True
Is 108625 a multiple of 4?
False
Does 193 divide 426337?
True
Is 630367 a multiple of 739?
True
Is 992 a factor of 8976608?
True
Does 72 divide 3509429?
False
Is 24617787 a multiple of 57?
True
Is 56696 a multiple of 7?
False
Does 749 divide 446404?
True
Is 2429900 a multiple of 11?
True
Is 635 a factor of 8152130?
True
Does 68 divide 3604?
True
Is 16294109 a multiple of 13?
True
Is 3246960 a multiple of 72?
False
Is 2905110 a multiple of 428?
False
Is 254349 a multiple of 290?
False
Is 127 a factor of 34925?
True
Is 355 a factor of 5500015?
True
Is 128898 a multiple of 22?
True
Is 417 a factor of 10600?
False
Is 21 a factor of 131712?
True
Does 93 divide 200043?
True
Is 392 a factor of 1516256?
True
Does 1122 divide 2625755?
False
Does 2 divide 512833?
False
Does 26 divide 6345347?
False
Is 87 a factor of 758020?
False
Is 712 a factor of 8072649?
False
Is 5447583 a multiple of 87?
False
Is 212455 a multiple of 6?
False
Is 14 a factor of 148834?
True
Is 512 a factor of 47616?
True
Is 4 a factor of 2226544?
True
Is 6277456 a multiple of 1304?
True
Is 10 a factor of 5140098?
False
Is 18264964 a multiple of 150?
False
Is 879550 a multiple of 269?
False
Is 56 a factor of 5569?
False
Is 9424512 a multiple of 144?
True
Is 554 a factor of 1364952?
False
Does 87 divide 169911?
True
Is 368 a factor of 1521315?
False
Is 158120 a multiple of 40?
True
Does 4 divide 173888?
True
Is 324 a factor of 988064?
False
Does 11 divide 51807?
False
Is 122548 a multiple of 18?
False
Does 150 divide 1830000?
True
Is 1458858 a multiple of 18?
False
Does 4 divide 599240?
True
Does 8 divide 1538515?
False
Is 164 a factor of 12798036?
False
Is 838565 a multiple of 1843?
True
Is 413450 a multiple of 458?
False
Is 32 a factor of 770897?
False
Is 3026786 a multiple of 383?
False
Does 112 divide 10545314?
False
Is 14 a factor of 666364?
False
Does 198 divide 826732?
False
Is 4675868 a multiple of 2?
True
Is 985247 a multiple of 5?
False
Is 37 a factor of 61272?
True
Does 6 divide 2857696?
False
Does 261 divide 64728?
True
Does 57 divide 1798008?
True
Does 5 divide 376390?
True
Does 13 divide 351870?
False
Is 84836 a multiple of 167?
True
Is 54 a factor of 39204?
True
Is 11002280 a multiple of 460?
True
Is 2113096 a multiple of 34?
False
Is 41 a factor of 155390?
True
Does 175 divide 48311?
False
Does 127 divide 56642?
True
Is 50 a factor of 9409949?
False
Is 770166 a multiple of 39?
False
Is 78120 a multiple of 120?
True
Is 1215 a factor of 2038821?
False
Is 8 a factor of 352589?
False
Does 131 divide 1114279?
False
Does 195 divide 1003470?
True
Is 18 a factor of 1163520?
True
Is 64 a factor of 92352?
True
Does 176 divide 5954080?
True
Does 39 divide 161499?
True
Is 158 a factor of 1051016?
True
Is 165600 a multiple of 200?
True
Is 11043076 a multiple of 56?
False
Does 4 divide 109720?
True
Does 5 divide 189442?
False
Does 46 divide 7858502?
True
Is 29 a factor of 21635?
False
Does 3 divide 2124333?
True
Does 78 divide 7210678?
False
Is 957165 a multiple of 201?
False
Is 1057268 a multiple of 9?
False
Is 1767844 a multiple of 17?
False
Is 39 a factor of 1047740?
False
Is 52 a factor of 84224?
False
Does 62 divide 4346882?
True
Is 91692 a multiple of 3?
True
Does 49 divide 97022?
False
Is 10 a factor of 2419456?
False
Is 172312 a multiple of 181?
True
Does 271 divide 1854851?
False
Is 40 a factor of 23277?
False
Does 3 divide 236146?
False
Is 23 a factor of 1798215?
False
Does 28 divide 176064?
True
Is 2081530 a multiple of 732?
False
Is 58203 a multiple of 10?
False
Is 20 a factor of 184576?
False
Does 13 divide 189176?
True
Is 29 a factor of 75803?
False
Is 66 a factor of 1203716?
False
Is 16 a factor of 426024?
False
Is 93 a factor of 2618043?
True
Is 35 a factor of 344858?
False
Does 2 divide 39465?
False
Does 104 divide 448760?
True
Does 3 divide 39840?
True
Is 2 a factor of 2802042?
True
Does 142 divide 97270?
True
Is 449367 a multiple of 3?
True
Is 41879 a multiple of 12?
False
Does 41 divide 7767819?
True
Does 19 divide 3515?
True
Does 16 divide 186179?
False
Does 85 divide 4501472?
False
Is 7 a factor of 1536379?
False
Does 60 divide 2456100?
True
Does 45 divide 218340?
True
Does 20 divide 696806?
False
Does 140 divide 111580?
True
Does 224 divide 1206912?
True
Does 440 divide 1475320?
True
Is 660 a factor of 101640?
True
Does 122 divide 437002?
False
Is 27 a factor of 3180222?
True
Does 143 divide 3412?
False
Is 22 a factor of 1667813?
False
Is 6 a factor of 4434966?
True
Is 86 a factor of 1441532?
True
Does 42 divide 796113?
False
Is 201 a factor of 850029?
True
Does 44 divide 10091360?
False
Is 20 a factor of 669652?
False
Does 761 divide 7185506?
False
Is 560 a factor of 200480?
True
Is 690384 a multiple of 82?
False
Does 43 divide 246347?
True
Is 47637 a multiple of 9?
True
Is 159 a factor of 295492?
False
Is 4228416 a multiple of 48?
True
Is 1373105 a multiple of 42?
False
Is 4741200 a multiple of 600?
True
Is 311370 a multiple of 214?
True
Is 719811 a multiple of 17?
False
Is 2723489 a multiple of 89?
True
Does 109 divide 686306?
False
Is 27 a factor of 1877283?
True
Does 150 divide 75271?
False
Is 3027 a multiple of 41?
False
Does 1097 divide 1195730?
True
Is 8415120 a multiple of 56?
True
Is 10 a factor of 354389?
False
Is 823190 a multiple of 5?
True
Does 42 divide 7261998?
False
Is 925875 a multiple of 75?
True
Is 458 a factor of 22571957?
False
Does 10 divide 752300?
True
Does 23 divide 5078965?
False
Does 855 divide 61128?
False
Does 594 divide 4349862?
True
Does 53 divide 2034407?
False
Is 46 a factor of 174018?
True
Does 31 divide 19209559?
False
Does 25 divide 26864?
False
Is 242501 a multiple of 49?
True
Is 1145884 a multiple of 28?
False
Does 12 divide 1918587?
False
Is 2797536 a multiple of 644?
True
Does 248 divide 1225864?
True
Does 208 divide 2222480?
True
Is 63 a factor of 120834?
True
Is 27 a factor of 4536451?
False
Does 14 divide 1521452?
False
Is 109 a factor of 339066?
False
Is 65168 a multiple of 22?
False
Is 34 a factor of 482222?
True
Is 282 a factor of 1187502?
True
Is 52080 a multiple of 455?
False
Is 337093 a multiple of 387?
False
Is 379720 a multiple of 88?
True
Is 6049960 a multiple of 1394?
True
Does 3 divide 107512?
False
Does 21 divide 186228?
True
Does 18 divide 712332?
True
Is 3195163 a multiple of 463?
True
Does 5 divide 13430?
True
Does 3 divide 13244?
False
Does 1144 divide 1159175?
False
Does 4 divide 854573?
False
Does 561 divide 3507933?
True
Is 422962 a multiple of 73?
True
Does 319 divide 1194017?
True
Is 34 a factor of 59522?
False
Is 30173 a multiple of 211?
True
Is 17 a factor of 65245?
False
Is 67 a factor of 3465440?
False
Does 22 divide 95458?
True
Is 7535220 a multiple of 770?
True
Is 28 a factor of 7130?
False
Is 246197 a multiple of 12?
False
Is 34 a factor of 45186?
True
Is 3165690 a multiple of 362?
True
Does 360 divide 2550240?
True
Is 16 a factor of 211370?
False
Is 13 a factor of 200786?
False
Is 10 a factor of 886144?
False
Does 330 divide 6277920?
True
Is 8 a factor of 949?
False
Does 249 divide 1454298?
False
Is 1710829 a multiple of 2?
False
Does 407 divide 672364?
True
Is 70 a factor of 36820?
True
Is 399 a factor of 362440?
False
Is 31 a factor of 2321184?
False
Is 28 a factor of 8120?
True
Is 39 a factor of 1256463?
True
Is 8 a factor of 915?
False
Does 2 divide 4664?
True
Does 1041 divide 886932?
True
Is 9 a factor of 24975?
True
Does 44 divide 127820?
True
Is 1721376 a multiple of 774?
True
Does 31 divide 7579196?
False
Is 1832318 a multiple of 56?
False
Is 126 a factor of 210742?
False
Does 17 divide 17391?
True
Is 2873280 a multiple of 146?
True
Does 66 divide 43164?
True
Is 581 a factor of 7159082?
True
Does 348 divide 411684?
True
Does 53 divide 60632?
True
Is 1487568 a multiple of 6?
True
Is 16 a factor of 1341920?
True
Does 5 divide 47978?
False
I